3230 + -12?
-1314433242
In base 9, what is 131 + -40431?
-40300
In base 6, what is -243553 + 12040?
-231513
In base 3, what is 11022211111 - -1001010?
11100212121
In base 11, what is 156358 - 61?
1562a7
In base 10, what is -148 + -15935?
-16083
In base 13, what is a557 + 1a1?
a728
In base 3, what is -1122 - -2111211012002?
2111211010110
In base 8, what is 20577 + 4407?
25206
In base 16, what is -c652cc + 5?
-c652c7
In base 11, what is -3 - -471a390?
471a388
In base 2, what is -11100011 - 11000110101111011011?
-11000110110010111110
In base 15, what is -37 - 7269e8?
-726a30
In base 16, what is 3a3a3 + -1d?
3a386
In base 10, what is 191246 + -148?
191098
In base 15, what is -3 - 15b474?
-15b477
In base 16, what is 18e8845f - 1?
18e8845e
In base 4, what is -303310123222 - 10?
-303310123232
In base 14, what is -3 - -3581282?
358127d
In base 12, what is 3ba686 + 5?
3ba68b
In base 10, what is -10388550 + -1?
-10388551
In base 13, what is -a0b8 - -4106?
-5cb2
In base 4, what is -10222 - -3201113033?
3201102211
In base 14, what is -244510c + -2?
-2445110
In base 11, what is -1519a03 + 3?
-1519a00
In base 4, what is 12 - 10020020132?
-10020020120
In base 6, what is 1031 - -2542251?
2543322
In base 10, what is 57 + 28482?
28539
In base 14, what is 3 - -1d037350?
1d037353
In base 12, what is -3 + 367325?
367322
In base 8, what is 0 - -213201705?
213201705
In base 3, what is -110101121 + 10202201102?
10022022211
In base 9, what is 63612734 - -13?
63612747
In base 3, what is 2 - 10201112001012021?
-10201112001012012
In base 10, what is -1157612 + -9?
-1157621
In base 3, what is -11021 + -220000120001?
-220000201022
In base 5, what is -2102240 + 30130?
-2022110
In base 3, what is 11121222 - -1020000?
12211222
In base 4, what is 100012 + 21011?
121023
In base 9, what is 44133 - 30?
44103
In base 9, what is -10183614 + 4?
-10183610
In base 8, what is -2 - 506564140?
-506564142
In base 14, what is -27459 - -54?
-27405
In base 5, what is -2242142414 - -103?
-2242142311
In base 5, what is 102234 + 14234?
122023
In base 7, what is -152 - 54024035?
-54024220
In base 14, what is 4cb + 147?
634
In base 6, what is 32515 - -202?
33121
In base 15, what is 4900 - -76?
4976
In base 14, what is -b94b3a8 - -5?
-b94b3a3
In base 3, what is 12002221102112 + 10?
12002221102122
In base 6, what is -145215455 + 5?
-145215450
In base 5, what is 10 + -3134010324?
-3134010314
In base 8, what is -1225670 + 205?
-1225463
In base 11, what is 12 + 7a390a?
7a3921
In base 10, what is 5209 - 168783?
-163574
In base 14, what is -15d05 + 1c7?
-15b1c
In base 10, what is -2446915 + -13?
-2446928
In base 13, what is 4 + -2bc71471?
-2bc7146a
In base 7, what is -12 + -142001526?
-142001541
In base 8, what is 17 + 1673203?
1673222
In base 4, what is 22200231310 - 10?
22200231300
In base 14, what is -66712 + 85?
-6666b
In base 6, what is 445053 - 452525?
-3432
In base 14, what is 9057 - -1c7a?
acd3
In base 13, what is -1c704 - 32a?
-1ca31
In base 8, what is -3 + -121274205?
-121274210
In base 16, what is 14 - 26e07?
-26df3
In base 14, what is 295 - 6bc3?
-692c
In base 9, what is -2532 - -1377?
-1144
In base 3, what is 20020221212 + -12212?
20020202000
In base 16, what is 4 + 71665c1?
71665c5
In base 11, what is -1 + 12383371?
12383370
In base 3, what is 11 + 2221002221021?
2221002221102
In base 13, what is -563353 - 3?
-563356
In base 14, what is 43c + -cd06?
-c8a8
In base 14, what is -14884c - 8a?
-1488d8
In base 16, what is 2c505b - -2?
2c505d
In base 3, what is 11002200120 + -20021?
11002110022
In base 12, what is 1 - 593a4b8?
-593a4b7
In base 3, what is -1011120 + -2111120020020?
-2111121101210
In base 4, what is -12313 - 11121230?
-11200203
In base 15, what is 3 - ab0?
-aac
In base 13, what is -84c - -5aaa?
525b
In base 4, what is -2210 + 10310333322?
10310331112
In base 3, what is -12 + -12012010010002?
-12012010010021
In base 7, what is -3 + -2162323062?
-2162323065
In base 16, what is -23fc49 + d?
-23fc3c
In base 9, what is 60875700 - -4?
60875704
In base 4, what is -2132332300333 - 230?
-2132332301223
In base 8, what is 3 - 11110656?
-11110653
In base 2, what is 1111001 + 1010101001111101110?
1010101010001100111
In base 10, what is 575 + -210148?
-209573
In base 12, what is -28969888 - -1?
-28969887
In base 7, what is -1100 + -4643105?
-4644205
In base 15, what is 40c511 + -d5?
40c42b
In base 6, what is 444444213 + 5?
444444222
In base 5, what is -231122232 - 214?
-231123001
In base 15, what is -2748ad - -57?
-274856
In base 8, what is -67 - 43175?
-43264
In base 3, what is 1000212 + 21111221?
22112210
In base 13, what is -51b + 9461?
8c43
In base 3, what is 111 - -200120012022?
200120012210
In base 11, what is 553 - 13799?
-13246
In base 2, what is -101 - -1100011010111110000011010?
1100011010111110000010101
In base 15, what is b6e2 - -18?
b70a
In base 4, what is -3 - 131201033030?
-131201033033
In base 3, what is -12221 - 2022101121?
-2022121112
In base 12, what is 8 + 20087bb?
2008807
In base 8, what is -1 + 162056255?
162056254
In base 4, what is 10302102 + 11010?
10313112
In base 9, what is -1174 - -7258?
6074
In base 2, what is -1001 + -10100111010100111110100?
-10100111010100111111101
In base 3, what is -111000101 - 20?
-111000121
In base 4, what is 302121321 + 1?
302121322
In base 16, what is -9c + 12d51?
12cb5
In base 10, what is -8385515 + -16?
-8385531
In base 4, what is -12 - -11133212320?
11133212302
In base 10, what is 5813218 - -97?
5813315
In base 5, what is -1023003401 - -4?
-1023003342
In base 7, what is -22636326 - 3?
-22636332
In base 2, what is 1100 - 10100100011111000101000?
-10100100011111000011100
In base 13, what is -3 - -9b749a?
9b7497
In base 5, what is -4221 + 4120011?
4110240
In base 2, what is -11011010101001001110010 + -100?
-11011010101001001110110
In base 16, what is 26d7 - -12db?
39b2
In base 7, what is 5522 - -312203?
321025
In base 9, what is 12108 + 5337?
17446
In base 3, what is 201010220 + 221121120?
1122202110
In base 15, what is -23b1 + -c2?
-2483
In base 6, what is 212442 + -1030?
211412
In base 4, what is 2011311 + 12100033?
20112010
In base 11, what is -2 - 1a723205?
-1a723207
In base 6, what is -22250 + -15112?
-41402
In base 10, what is -16762 + -382?
-17144
In base 3, what is 2221002220201211 + 0?
2221002220201211
In base 3, what is -102122200120101 - -2?
-102122200120022
In base 6, what is 141142 - 5304?
131434
In base 8, what is -524525 + 6?
-524517
In base 6, what is -141334 - -234500?
53122
In base 4, what is 12332111 + 11220?
13003331
In base 3, what is 10 + 110002012112102?
110002012112112
In base 2, what is 10001100000100011101110010 + 101?
10001100000100011101110111
In base 12, what is 20 - -2194?
21b4
In base 5, what is -1114101101 - 134?
-1114101240
In base 16, what is -10 + a6bc?
a6ac
In base 12, what is -4805 + 2ba55?
27250
In base 4, what is -20 - 1030013213033?
-1030013213113
In base 7, what is 0 - 206230335?
-206230335
In base 5, what is 1110141 + -300?
1104341
In base 14, what is -3535dac - -c?
-3535da0
In base 10, what is 5326 + -432?
4894
In base 14, what is 9 + -19bc85?
-19bc7a
In base 5, what is -234400410240 + 0?
-234400410240
In base 16, what is -8db + 1861e?
17d43
In base 11, what is -21 + 577421?
577400
In base 7, what is 2 + 25325250?
25325252
In base 15, what is 5362825 - -1?
5362826
In base 9, what is -5325 + 2657?
-2557
In base 3, what is 102102202021 - -1011101?
102110220122
In base 7, what is 61302420 + -4?
61302413
In base 14, what is 828 - -4160b?
42035
In base 12, what is 3546012 - -48?
354605a
In base 6, what is 2405101 - -23152?
2432253
In base 11, what is 32076a25 - 3?
32076a22
In base 14, what is 1369 - 3bc?
d8b
In base 4, what is 3 + 332231323023?
332231323032
In base 11, what is 4a13 - -11999?
16901
In base 15, what is 7151d + -13d?
713d0
In base 13, what is 2 - 5bbcc9?
-5bbcc7
In base 2, what is 11010100110011010010001100 + 1?
11010100110011010010001101
In base 2, what is 1011100 - 101100111111010011000?
-101100111111000111100
In base 4, what is -1 + -13230012010322?
-13230012010323
In base 11, what is -11 + 937309?
9372a8
In base 2, what is 101010011000110111 - 10010100000?
101010000110010111
In base 16, what is b6 - -63e?
6f4
In base 9, what is 536147 - 25?
536122
In base 5, what is -213010331 + 13